9. What is the hundreds digit of v?
6
Suppose 685*z - 7875702 = 24567268. What is the hundreds digit of z?
3
Let v = -22685 + 31267. What is the units digit of v?
2
Suppose 55253 = 2*i + 3*v, 0*i + 2*v - 138127 = -5*i. Suppose -i = 3*u - 28*u. What is the tens digit of u?
0
Let k be -4 - -2 - (1 - 4). Let c(b) be the first derivative of 67*b**3 + b**2 - b + 2. What is the units digit of c(k)?
2
Let y = -2070 + 27097. What is the thousands digit of y?
5
Let x = 1297 - -1037. What is the hundreds digit of x?
3
Suppose -57*c - 616280 + 1793729 = 0. What is the tens digit of c?
5
Let a = 32622 + -27681. What is the thousands digit of a?
4
Suppose 0 = 5*b + 2*i - 4125, -i + 3744 - 441 = 4*b. What is the tens digit of b?
2
Let r be 2286/12 + 15/(-6) + 2. Let f be (-1)/(-4)*(r + -18). Let l = f - -30. What is the units digit of l?
3
Let p be 32/20*(7 - (1 + 1)). Let c(f) = 5*f**2 + 11*f + 1 - p*f**2 + 3 - 2*f**3. What is the tens digit of c(-5)?
2
Suppose 3*r - r - 2 = 0. What is the hundreds digit of r + 329 - (2 - (4 + 2))?
3
Let k(i) = -i**3 - 8*i**2 - 9*i - 16. Let g be k(-8). Suppose 0 = -5*s + h + 76 + g, -h - 78 = -3*s. Let b = 37 + s. What is the units digit of b?
4
Let x be 3*(-21519)/12*(-104)/39. Suppose 103*v + x = 112*v. What is the thousands digit of v?
1
Suppose -2*z + 227 = 3*m - 181, 0 = -z + 3*m + 222. What is the units digit of z?
0
Suppose -5*n = -4*z - 4*n - 105, 0 = 3*z - 4*n + 69. Let v = z - -11. Let m(q) = -q**2 - 20*q + 21. What is the tens digit of m(v)?
8
Suppose q - 68049 = -f, 178*q - 176*q + 68064 = f. What is the ten thousands digit of f?
6
Let q be (6/(-1))/(-3)*(10 + -11). Let i be -72*-3*q/(-3) - 4. Suppose -74*v = -69*v - i. What is the units digit of v?
8
Let c be (-1)/2 - 27/(-18). Let s(k) = 418*k**3 + k**2 - 3*k. What is the tens digit of s(c)?
1
Suppose -1 = -y, a + 5 = -5*y + 6850. Suppose -7*s = 6*v - 3*s - a, 2*v + 5*s = 2269. What is the units digit of v?
2
Let v be ((-420)/9)/4 - (-21)/(-63). What is the units digit of (-8 - v) + (-1105)/(-1)?
9
Suppose 21*h = -61*h + 1291992. What is the thousands digit of h?
5
Let i = -19948 - -60375. What is the thousands digit of i?
0
Let h(i) = 5*i**3 + 2*i**2 + 10*i + 11. Let z be 29/6 - 19/(-114). What is the tens digit of h(z)?
3
Suppose 32 = 66*o - 58*o. Suppose -5*x = -3*i - i + 5549, 3*i - 4185 = -o*x. What is the units digit of i?
1
What is the thousands digit of 882511/119 + 2/136*-4?
7
Let f(y) = -y**3 + 77*y**2 - 201*y - 203. What is the ten thousands digit of f(58)?
5
Let k = -28242 + 45160. What is the tens digit of k?
1
Let i(b) = -b + 7. Let n(g) = 244*g + 4. Let r(c) = -6*i(c) + n(c). What is the tens digit of r(3)?
1
Suppose -702*j + 698*j + 8854 = c, 2*c - 17735 = j. What is the hundreds digit of c?
8
Let c be ((-528)/(-9))/(2/((-12)/(-1))). Suppose -2*s - d = -5*d - 158, 4*d - c = -4*s. Suppose -3*p + 51 = t, 4*p - s = -p + t. What is the tens digit of p?
1
Let u(y) = y**3 + 32*y**2 - 67*y + 47. Let t be u(-30). Suppose -7*l = 3*k - 6*l - 2311, -t = -5*k - 3*l. What is the hundreds digit of k?
7
What is the units digit of 1 + 18772 + (-1102)/58?
4
Let y(z) = -z**3 + 12*z**2 - 15*z - 21. Let m be y(-9). Suppose 12*w - 7*w = m. What is the tens digit of w?
6
Suppose -69*i - 510 = -86*i. What is the tens digit of (3 - (3 - 12))*1395/i?
5
Let s be (-2052)/30 - ((-12)/5 + 2). Let h = -67 - s. What is the units digit of h/(37/9 - 4)?
9
Let f be 12/(-9)*3/(-2). Suppose 2*o = -f, 3*p + 2*o - 1443 = -2*p. What is the units digit of p?
9
Suppose 42544 = 4*h + 2*j, -5*j = -152*h + 149*h + 31960. What is the ten thousands digit of h?
1
What is the hundreds digit of (-3 + 1)/(53/(-144054))?
4
Suppose 4*b - 3*k - 1667 = -382, -3*b + 2*k = -965. What is the tens digit of (b/2)/(14/28)?
2
Let r = 6789 - -5824. What is the hundreds digit of r?
6
Suppose -179*c + 1038238 = -27*c + 158462. What is the units digit of c?
8
Suppose 0 = 5*g - 5, -5*t + 5*g - 5 = -0. Suppose -5*k + 6 + 9 = t. What is the units digit of (70/22 - k) + 647/11?
9
Suppose 3*q - 1 = 2*z - 206, 4*z - 383 = -3*q. What is the tens digit of z/((-1)/2 - (-52)/78)?
8
Suppose -203*t = -206*t + 9372. Suppose 187*l + t = 189*l. What is the units digit of l?
2
Suppose -5*l - 29123 - 4812 = -5*m, -3*l = -5*m + 33945. What is the thousands digit of m?
6
Let l(w) = -77*w - 201. Let u(k) = -41*k - 101. Let o(d) = -6*l(d) + 11*u(d). What is the tens digit of o(-7)?
1
Let l(f) = -f**3 - 7*f**2 + 5*f - 17. Let q be l(-10). Let b = 421 - q. What is the units digit of b?
8
Suppose 3*q - 7 - 5 = 0. Suppose -2*d = 4*t + 6, -4 = -d + q*t + 17. Suppose -d*s + 253 = -2*b, -233 = -5*s - 2*b + 24. What is the tens digit of s?
5
Let r = -7 - -12. Let k(v) be the first derivative of 7*v**3/3 - v**2/2 + 13*v + 318. What is the units digit of k(r)?
3
Suppose -2*r - 3 = 9. Let o be ((-54)/r)/3 + (-1 - 6). What is the tens digit of o/(260/(-2935)) + (-2)/13?
4
Suppose 5761 = g - s, 0 = 4*g - s - 27505 + 4461. What is the units digit of g?
1
Suppose -2*k + 0*k = -154. Suppose -8*c - 81 = 5*n - 5*c, 0 = -5*n - c - k. Let i(y) = y**3 + 17*y**2 + 21*y + 20. What is the units digit of i(n)?
5
Suppose d = -i + 12483, 5*d + 6761 + 18184 = 2*i. What is the tens digit of i?
8
Suppose -12*b + 0 = 900. What is the hundreds digit of (436/(-120) - 10/b)*-36?
1
Let k = 155 - 151. Suppose 0 = p - 5*u - 710, 16*p + 3613 = 21*p - k*u. What is the units digit of p?
5
Let k be 2/(-13) + (-15)/(2145/32153). What is the thousands digit of (25/k + 146/18)*179?
1
Let r(f) = -397*f - 1472. What is the units digit of r(-66)?
0
Let h(z) = -116*z + 594. What is the thousands digit of h(-61)?
7
Let w(a) = -11*a + 14. Let n(h) = h - 13. Let u be n(6). Let j(i) = -10*i + 13. Let k(b) = u*j(b) + 6*w(b). What is the units digit of k(13)?
5
Let l = 162 + -177. What is the tens digit of (74144/120 - 2/l) + 4?
2
Let b(z) = -1593*z - 9. Let j be b(-3). What is the units digit of 3/(-6) + j/12?
7
Suppose -1005*u + 2016*u = 1015*u - 3780. What is the tens digit of u?
4
Suppose -6*p = -3 - 3. Let a be -3*(p*-1)/((-11)/(-11)). Suppose b - g - 4*g - 62 = 0, 0 = a*b + 5*g - 206. What is the tens digit of b?
6
Suppose 94 = 2*j - 2*s, -7*j - 2*s = -6*j - 32. What is the tens digit of 10 + j/(-7) + 766?
7
Suppose 3*g - 13*g + 5690 = 0. Suppose -2*m = 4*s - 787 - g, 0 = -3*m - 5*s + 2033. What is the tens digit of m?
7
Let w be 2 - (-2 - (41 - -1)). Let m = w + -43. Suppose 7*b - 396 = m*b. What is the units digit of b?
9
Suppose -w + 6*o + 42 = o, -w - o = -12. Suppose -w*l - 126 + 721 = 0. What is the units digit of l?
5
Let m be (-2)/12*2*(-330)/2. Suppose y - 6*y = -m. Let g = 55 - y. What is the tens digit of g?
4
Let s = 598 + -342. Suppose -s = -b - w + 46, 5*b - 1537 = 4*w. What is the hundreds digit of b?
3
Let a = 245 - 263. What is the hundreds digit of 513/a*60/(-9)?
1
Suppose -2*w = -4, -c - w + 77908 = 18230. What is the hundreds digit of c?
6
Suppose -5*d - 3*d + 24 = 0. Suppose b = 2*b - d. Suppose b*o - 168 = -5*c, 5*o - 2*o - 3*c = 192. What is the tens digit of o?
6
Let c be (-1 - 7)*4/(-8). Suppose c*t = -4*a - 72 + 28, -3*a - 2*t - 36 = 0. What is the units digit of 1/(-1) - (a + -5)?
8
Suppose 3*q - 190 + 40 = 0. Suppose q*t = 56*t - 1482. What is the hundreds digit of t?
2
Let y(g) = 55*g**2 - 12. Let a(m) = -109*m**2 + m + 24. Let n(t) = 2*a(t) + 5*y(t). What is the hundreds digit of n(-3)?
4
Let m(d) = 5*d + 32*d**2 - 5 - d + 1. Let i = 3381 - 3380. What is the units digit of m(i)?
2
Let c(l) = -l**3 + 15*l**2 - 24*l - 3. Suppose 1 - 17 = 4*z. Let y be 3 + 129/12 + 3/z. What is the tens digit of c(y)?
2
Suppose -a + 367 = 5*r, 0 = -3*a + 2*a + 3*r + 359. Let m = a + -60. What is the tens digit of m?
0
Let f = -1025 - -6204. What is the units digit of f?
9
Suppose -c + 63 = -3*v, 2*v - 4*c = -5 - 37. Let s = -24 - v. What is the units digit of (-3 + (-5)/s)*-33?
4
Let g(z) = -2*z**2 - 12*z - 4*z**3 + 8*z + 3*z**3 - 14 + 0. Let w be g(-8). Suppose 0*j - h = -3*j + w, -5*h - 402 = -3*j. What is the hundreds digit of j?
1
Suppose -2*i + 3*i = d + 106, -4*i + 5*d + 422 = 0. Let m be i/24*(-20)/(-6). Let l = m - -52. What is the units digit of l?
7
Suppose 3*b = -a + 17, a + 1 = b + 2. Suppose -3*f + a*f - 174 = 3*o, 3*f = -9. Let r = o + 93. What 